{"id":575,"date":"2019-05-29T17:19:35","date_gmt":"2019-05-29T17:19:35","guid":{"rendered":"http:\/\/leichtathletik-in-frankenberg.de\/?page_id=575"},"modified":"2022-07-05T12:47:55","modified_gmt":"2022-07-05T12:47:55","slug":"wettkaempfe","status":"publish","type":"page","link":"https:\/\/leichtathletik-in-frankenberg.de\/?page_id=575","title":{"rendered":"Wettk\u00e4mpfe"},"content":{"rendered":"\n<figure class=\"wp-block-image is-resized\"><img loading=\"lazy\" decoding=\"async\" src=\"https:\/\/leichtathletik-in-frankenberg.de\/wp-content\/uploads\/2019\/07\/Wettkaempfe-b-1024x518.jpg\" alt=\"\" class=\"wp-image-713\" width=\"592\" height=\"299\" srcset=\"https:\/\/leichtathletik-in-frankenberg.de\/wp-content\/uploads\/2019\/07\/Wettkaempfe-b-1024x518.jpg 1024w, https:\/\/leichtathletik-in-frankenberg.de\/wp-content\/uploads\/2019\/07\/Wettkaempfe-b-300x152.jpg 300w, https:\/\/leichtathletik-in-frankenberg.de\/wp-content\/uploads\/2019\/07\/Wettkaempfe-b-768x388.jpg 768w, https:\/\/leichtathletik-in-frankenberg.de\/wp-content\/uploads\/2019\/07\/Wettkaempfe-b-500x253.jpg 500w\" sizes=\"auto, (max-width: 592px) 100vw, 592px\" \/><\/figure>\n\n\n\n<ul class=\"wp-block-list\"><li><a href=\"https:\/\/leichtathletik-in-frankenberg.de\/?page_id=561\">Ausschreibungen<\/a><\/li><li><a rel=\"noreferrer noopener\" href=\"https:\/\/leichtathletik-in-frankenberg.de\/?page_id=905\" target=\"_blank\">Anmeldung f\u00fcr anstehende Wettk\u00e4mpfe <\/a><\/li><li><a href=\"https:\/\/leichtathletik-in-frankenberg.de\/?page_id=2250\">Meldelisten f\u00fcr anstehende Wettk\u00e4mpfe <em>(und evtl. weitere Infos)<\/em><\/a><\/li><li><a href=\"https:\/\/leichtathletik-in-frankenberg.de\/?page_id=569\">Ergebnisse<\/a><\/li><\/ul>\n\n\n\n<p><\/p>\n","protected":false},"excerpt":{"rendered":"<p>Ausschreibungen Anmeldung f\u00fcr anstehende Wettk\u00e4mpfe Meldelisten f\u00fcr anstehende Wettk\u00e4mpfe (und evtl. weitere Infos) Ergebnisse<\/p>\n","protected":false},"author":1,"featured_media":0,"parent":0,"menu_order":0,"comment_status":"closed","ping_status":"closed","template":"","meta":{"footnotes":""},"class_list":["post-575","page","type-page","status-publish","hentry"],"jetpack_sharing_enabled":true,"_links":{"self":[{"href":"https:\/\/leichtathletik-in-frankenberg.de\/index.php?rest_route=\/wp\/v2\/pages\/575","targetHints":{"allow":["GET"]}}],"collection":[{"href":"https:\/\/leichtathletik-in-frankenberg.de\/index.php?rest_route=\/wp\/v2\/pages"}],"about":[{"href":"https:\/\/leichtathletik-in-frankenberg.de\/index.php?rest_route=\/wp\/v2\/types\/page"}],"author":[{"embeddable":true,"href":"https:\/\/leichtathletik-in-frankenberg.de\/index.php?rest_route=\/wp\/v2\/users\/1"}],"replies":[{"embeddable":true,"href":"https:\/\/leichtathletik-in-frankenberg.de\/index.php?rest_route=%2Fwp%2Fv2%2Fcomments&post=575"}],"version-history":[{"count":17,"href":"https:\/\/leichtathletik-in-frankenberg.de\/index.php?rest_route=\/wp\/v2\/pages\/575\/revisions"}],"predecessor-version":[{"id":2263,"href":"https:\/\/leichtathletik-in-frankenberg.de\/index.php?rest_route=\/wp\/v2\/pages\/575\/revisions\/2263"}],"wp:attachment":[{"href":"https:\/\/leichtathletik-in-frankenberg.de\/index.php?rest_route=%2Fwp%2Fv2%2Fmedia&parent=575"}],"curies":[{"name":"wp","href":"https:\/\/api.w.org\/{rel}","templated":true}]}}

Wettkämpfe

<figure class="wp-block-image is-resized"><img loading="lazy" decoding="async" src="https://leichtathletik-in-frankenberg.de/wp-content/uploads/2019/07/Wettkaempfe-b-1024x518.jpg" alt="" class="wp-image-713" width="592" height="299" srcset="https://leichtathletik-in-frankenberg.de/wp-content/uploads/2019/07/Wettkaempfe-b-1024x518.jpg 1024w, https://leichtathletik-in-frankenberg.de/wp-content/uploads/2019/07/Wettkaempfe-b-300x152.jpg 300w, https://leichtathletik-in-frankenberg.de/wp-content/uploads/2019/07/Wettkaempfe-b-768x388.jpg 768w, https://leichtathletik-in-frankenberg.de/wp-content/uploads/2019/07/Wettkaempfe-b-500x253.jpg 500w" sizes="auto, (max-width: 592px) 100vw, 592px" /></figure>



<ul class="wp-block-list"><li><a href="https://leichtathletik-in-frankenberg.de/?page_id=561">Ausschreibungen</a></li><li><a rel="noreferrer noopener" href="https://leichtathletik-in-frankenberg.de/?page_id=905" target="_blank">Anmeldung für anstehende Wettkämpfe </a></li><li><a href="https://leichtathletik-in-frankenberg.de/?page_id=2250">Meldelisten für anstehende Wettkämpfe <em>(und evtl. weitere Infos)</em></a></li><li><a href="https://leichtathletik-in-frankenberg.de/?page_id=569">Ergebnisse</a></li></ul>



<p></p>

<p>Ausschreibungen Anmeldung für anstehende Wettkämpfe Meldelisten für anstehende Wettkämpfe (und evtl. weitere Infos) Ergebnisse</p>
