{"id":375,"date":"2019-05-22T10:20:40","date_gmt":"2019-05-22T10:20:40","guid":{"rendered":"http:\/\/leichtathletik-in-frankenberg.de\/?page_id=375"},"modified":"2020-08-20T14:59:22","modified_gmt":"2020-08-20T14:59:22","slug":"erfolge-2017","status":"publish","type":"page","link":"https:\/\/leichtathletik-in-frankenberg.de\/?page_id=375","title":{"rendered":"Erfolge 2017"},"content":{"rendered":"\n<figure class=\"wp-block-table is-style-stripes\"><table><tbody><tr><td><strong>Deutsche <\/strong><\/td><td><strong>Meisterschaften<\/strong><\/td><td><\/td><td><\/td><\/tr><tr><td>5. Platz<\/td><td>Nils Kollmar<\/td><td>ADH<\/td><td><\/td><\/tr><tr><td>7. Platz<\/td><td>Patrizia R\u00f6mer<\/td><td>Kugel Halle<\/td><td><\/td><\/tr><tr><td><\/td><td><\/td><td><\/td><td><\/td><\/tr><tr><td><strong>S\u00fcddeutsche<\/strong><\/td><td><strong>Meisterschaften<\/strong><\/td><td><\/td><td><\/td><\/tr><tr><td>2. Platz<\/td><td>Nils Kollmar<\/td><td>Diskus<\/td><td>M\u00e4nner<\/td><\/tr><tr><td>3. Platz<\/td><td>Patrizia R\u00f6mer<\/td><td>Kugel<\/td><td>Frauen<\/td><\/tr><tr><td>\n\n<\/td><td>\n\n<\/td><td>\n\n<\/td><td>\n\n<\/td><\/tr><tr><td> <strong>Hessische<\/strong><\/td><td><strong>Meisterschaften<\/strong> <\/td><td><\/td><td><\/td><\/tr><tr><td>1. Platz<\/td><td>Nils Kollmar<\/td><td>Diskus<\/td><td>M\u00e4nner<\/td><\/tr><tr><td>1. Platz<\/td><td>Patrizia R\u00f6mer<\/td><td>Kugel Halle<\/td><td>WJ U 20<\/td><\/tr><tr><td>1. Platz<\/td><td>Patrizia R\u00f6mer<\/td><td>Kugel <\/td><td>WJ U 20<\/td><\/tr><tr><td>1. Platz<\/td><td>Patrizia R\u00f6mer<\/td><td>Kugel<\/td><td>Frauen<\/td><\/tr><tr><td>1. Platz<\/td><td>Isabel Cramer<\/td><td>Diskus WW<\/td><td>WJ U 18<\/td><\/tr><tr><td>1. Platz<\/td><td>Isabel Cramer<\/td><td>Diskus<\/td><td>WJ U 18<\/td><\/tr><\/tbody><\/table><\/figure>\n","protected":false},"excerpt":{"rendered":"<p>Deutsche Meisterschaften 5. Platz Nils Kollmar ADH 7. Platz Patrizia R\u00f6mer Kugel Halle S\u00fcddeutsche Meisterschaften 2. Platz Nils Kollmar Diskus M\u00e4nner 3. Platz Patrizia R\u00f6mer Kugel Frauen Hessische Meisterschaften 1. Platz Nils Kollmar Diskus M\u00e4nner 1. Platz Patrizia R\u00f6mer Kugel &hellip; <a href=\"https:\/\/leichtathletik-in-frankenberg.de\/?page_id=375\">Weiterlesen <span class=\"meta-nav\">&rarr;<\/span><\/a><\/p>\n","protected":false},"author":1,"featured_media":0,"parent":368,"menu_order":0,"comment_status":"closed","ping_status":"closed","template":"","meta":{"footnotes":""},"class_list":["post-375","page","type-page","status-publish","hentry"],"jetpack_sharing_enabled":true,"_links":{"self":[{"href":"https:\/\/leichtathletik-in-frankenberg.de\/index.php?rest_route=\/wp\/v2\/pages\/375","targetHints":{"allow":["GET"]}}],"collection":[{"href":"https:\/\/leichtathletik-in-frankenberg.de\/index.php?rest_route=\/wp\/v2\/pages"}],"about":[{"href":"https:\/\/leichtathletik-in-frankenberg.de\/index.php?rest_route=\/wp\/v2\/types\/page"}],"author":[{"embeddable":true,"href":"https:\/\/leichtathletik-in-frankenberg.de\/index.php?rest_route=\/wp\/v2\/users\/1"}],"replies":[{"embeddable":true,"href":"https:\/\/leichtathletik-in-frankenberg.de\/index.php?rest_route=%2Fwp%2Fv2%2Fcomments&post=375"}],"version-history":[{"count":4,"href":"https:\/\/leichtathletik-in-frankenberg.de\/index.php?rest_route=\/wp\/v2\/pages\/375\/revisions"}],"predecessor-version":[{"id":1576,"href":"https:\/\/leichtathletik-in-frankenberg.de\/index.php?rest_route=\/wp\/v2\/pages\/375\/revisions\/1576"}],"up":[{"embeddable":true,"href":"https:\/\/leichtathletik-in-frankenberg.de\/index.php?rest_route=\/wp\/v2\/pages\/368"}],"wp:attachment":[{"href":"https:\/\/leichtathletik-in-frankenberg.de\/index.php?rest_route=%2Fwp%2Fv2%2Fmedia&parent=375"}],"curies":[{"name":"wp","href":"https:\/\/api.w.org\/{rel}","templated":true}]}}