{"id":1287,"date":"2020-01-21T17:17:28","date_gmt":"2020-01-21T17:17:28","guid":{"rendered":"https:\/\/leichtathletik-in-frankenberg.de\/?page_id=1287"},"modified":"2020-07-07T21:45:20","modified_gmt":"2020-07-07T21:45:20","slug":"41-veranstaltung-2020","status":"publish","type":"page","link":"https:\/\/leichtathletik-in-frankenberg.de\/?page_id=1287","title":{"rendered":"41. Veranstaltung (2020)"},"content":{"rendered":"\n<p class=\"has-medium-font-size\"><em><strong>Strassenlauf<\/strong><\/em><\/p>\n\n\n\n<p>Am Sonntag,den 29.03.2020, sollte unser traditioneller Stra\u00dfenlauf statt finden. Auf Grund der derzeitigen Coronaviren Pandemie haben wir uns entschieden den Stra\u00dfenlauf abzusagen bzw. auf einen sp\u00e4teren Zeitpunkt zu verschieben.<\/p>\n\n\n\n<p>Update: Der Strassenlauf findet 2020 nicht statt.<\/p>\n","protected":false},"excerpt":{"rendered":"<p>Strassenlauf Am Sonntag,den 29.03.2020, sollte unser traditioneller Stra\u00dfenlauf statt finden. Auf Grund der derzeitigen Coronaviren Pandemie haben wir uns entschieden den Stra\u00dfenlauf abzusagen bzw. auf einen sp\u00e4teren Zeitpunkt zu verschieben. Update: Der Strassenlauf findet 2020 nicht statt.<\/p>\n","protected":false},"author":1,"featured_media":0,"parent":58,"menu_order":2,"comment_status":"closed","ping_status":"closed","template":"","meta":{"footnotes":""},"class_list":["post-1287","page","type-page","status-publish","hentry"],"jetpack_sharing_enabled":true,"_links":{"self":[{"href":"https:\/\/leichtathletik-in-frankenberg.de\/index.php?rest_route=\/wp\/v2\/pages\/1287","targetHints":{"allow":["GET"]}}],"collection":[{"href":"https:\/\/leichtathletik-in-frankenberg.de\/index.php?rest_route=\/wp\/v2\/pages"}],"about":[{"href":"https:\/\/leichtathletik-in-frankenberg.de\/index.php?rest_route=\/wp\/v2\/types\/page"}],"author":[{"embeddable":true,"href":"https:\/\/leichtathletik-in-frankenberg.de\/index.php?rest_route=\/wp\/v2\/users\/1"}],"replies":[{"embeddable":true,"href":"https:\/\/leichtathletik-in-frankenberg.de\/index.php?rest_route=%2Fwp%2Fv2%2Fcomments&post=1287"}],"version-history":[{"count":8,"href":"https:\/\/leichtathletik-in-frankenberg.de\/index.php?rest_route=\/wp\/v2\/pages\/1287\/revisions"}],"predecessor-version":[{"id":1454,"href":"https:\/\/leichtathletik-in-frankenberg.de\/index.php?rest_route=\/wp\/v2\/pages\/1287\/revisions\/1454"}],"up":[{"embeddable":true,"href":"https:\/\/leichtathletik-in-frankenberg.de\/index.php?rest_route=\/wp\/v2\/pages\/58"}],"wp:attachment":[{"href":"https:\/\/leichtathletik-in-frankenberg.de\/index.php?rest_route=%2Fwp%2Fv2%2Fmedia&parent=1287"}],"curies":[{"name":"wp","href":"https:\/\/api.w.org\/{rel}","templated":true}]}}