{"id":117,"date":"2019-05-17T16:44:51","date_gmt":"2019-05-17T16:44:51","guid":{"rendered":"http:\/\/leichtathletik-in-frankenberg.de\/?page_id=117"},"modified":"2025-04-13T19:29:48","modified_gmt":"2025-04-13T19:29:48","slug":"strassenlauf-wie-alles-begann","status":"publish","type":"page","link":"https:\/\/leichtathletik-in-frankenberg.de\/?page_id=117","title":{"rendered":"Stra\u00dfenlauf, wie alles begann.."},"content":{"rendered":"\n<h1 class=\"wp-block-heading\">Historie<\/h1>\n\n\n\n<p>1974 wurde von Werner Hoffmann und Walter M\u00fcller der Stra\u00dfenlauf in \nFrankenberg ins Leben gerufen. Anfangs als 25-km Strecke wurde der Lauf \nsehr beliebt und bereits 1978&nbsp;wurden in Frankenberg erstmals Deutsche \nMeisterschaften im Stra\u00dfenlauf ausgetragen. Damals am Start vor \n\u00fcber&nbsp;2.000 Zuschauern war auch der Weltrekordhalter \u00fcber 4 x 1.500 m,&nbsp;<a href=\"https:\/\/de.wikipedia.org\/wiki\/Karl_Fleschen\" target=\"_blank\" rel=\"noreferrer noopener\">Karl Fleschen<\/a>&nbsp;von Bayer 04 Leverkusen.<\/p>\n\n\n\n<p>V\u00f6llig \u00fcberraschend besiegte er die Konkurrenz und erzielte am 16. April 1978 mit 1:13:56 den heute noch g\u00fcltigen <a href=\"http:\/\/www.leichtathletik.de\/fileadmin\/user_upload\/04_Ergebnisse\/Rekorde\/Deutsche_Rekorde_MF.pdf\" target=\"_blank\" rel=\"noreferrer noopener\">Deutschen Rekord<\/a>.<\/p>\n\n\n\n<p>1983 wurden erneut Deutsche Meisterschaften im 25-km Stra\u00dfenlauf ausgetragen.<\/p>\n\n\n\n<p>Von 1994 bis 1999 wurde kein Stra\u00dfenlauf ausgetragen.&nbsp;2004 starteten \nanl\u00e4sslich der Hessischen Stra\u00dfenlaufmeisterschaften \u00fcber 500 \nAusdauersportler in Frankenberg.<\/p>\n\n\n\n<p>Seit 2008 wird&nbsp;auf dem&nbsp;heute noch gelaufenenen, flachen Rundkurs&nbsp;im Frankenberger Gewerbegebiet der Stra\u00dfenlauf ausgetragen.<\/p>\n\n\n\n<p>Neben einigen Hessischen Meisterschaften haben&nbsp;wir auch etliche Male \ndie&nbsp;Nordhessenmeisterschaften \u00fcber 5 und 10 km ausgetragen \u2013 so auch in \n2016.<\/p>\n\n\n\n<p>2015 ist erstmals erfolgreich die Chip-Messung zur Zeitmessung eingef\u00fchrt worden.<\/p>\n\n\n\n<p>2019 wurde der Frankenberger Stra\u00dfenlauf zum 40. Mal ausgetragen.  Erneut als Nordhessische Meisterschaft \u2013 Eine Erfolgsgeschichte geht  weiter\u2026.<\/p>\n","protected":false},"excerpt":{"rendered":"<p>Historie 1974 wurde von Werner Hoffmann und Walter M\u00fcller der Stra\u00dfenlauf in Frankenberg ins Leben gerufen. Anfangs als 25-km Strecke wurde der Lauf sehr beliebt und bereits 1978&nbsp;wurden in Frankenberg erstmals Deutsche Meisterschaften im Stra\u00dfenlauf ausgetragen. Damals am Start vor &hellip; <a href=\"https:\/\/leichtathletik-in-frankenberg.de\/?page_id=117\">Weiterlesen <span class=\"meta-nav\">&rarr;<\/span><\/a><\/p>\n","protected":false},"author":1,"featured_media":0,"parent":58,"menu_order":0,"comment_status":"closed","ping_status":"closed","template":"","meta":{"footnotes":""},"class_list":["post-117","page","type-page","status-publish","hentry"],"jetpack_sharing_enabled":true,"_links":{"self":[{"href":"https:\/\/leichtathletik-in-frankenberg.de\/index.php?rest_route=\/wp\/v2\/pages\/117","targetHints":{"allow":["GET"]}}],"collection":[{"href":"https:\/\/leichtathletik-in-frankenberg.de\/index.php?rest_route=\/wp\/v2\/pages"}],"about":[{"href":"https:\/\/leichtathletik-in-frankenberg.de\/index.php?rest_route=\/wp\/v2\/types\/page"}],"author":[{"embeddable":true,"href":"https:\/\/leichtathletik-in-frankenberg.de\/index.php?rest_route=\/wp\/v2\/users\/1"}],"replies":[{"embeddable":true,"href":"https:\/\/leichtathletik-in-frankenberg.de\/index.php?rest_route=%2Fwp%2Fv2%2Fcomments&post=117"}],"version-history":[{"count":5,"href":"https:\/\/leichtathletik-in-frankenberg.de\/index.php?rest_route=\/wp\/v2\/pages\/117\/revisions"}],"predecessor-version":[{"id":805,"href":"https:\/\/leichtathletik-in-frankenberg.de\/index.php?rest_route=\/wp\/v2\/pages\/117\/revisions\/805"}],"up":[{"embeddable":true,"href":"https:\/\/leichtathletik-in-frankenberg.de\/index.php?rest_route=\/wp\/v2\/pages\/58"}],"wp:attachment":[{"href":"https:\/\/leichtathletik-in-frankenberg.de\/index.php?rest_route=%2Fwp%2Fv2%2Fmedia&parent=117"}],"curies":[{"name":"wp","href":"https:\/\/api.w.org\/{rel}","templated":true}]}}